e prime factors of 258777.
3, 28753
What are the prime factors of 3245468?
2, 43, 18869
List the prime factors of 1294286.
2, 7, 47, 281
List the prime factors of 4195311.
3, 17, 82261
List the prime factors of 124425.
3, 5, 7, 79
What are the prime factors of 751541?
7, 101, 1063
List the prime factors of 1588346.
2, 794173
List the prime factors of 74698.
2, 13, 17
What are the prime factors of 116873?
73, 1601
What are the prime factors of 4828712?
2, 7, 23, 163
What are the prime factors of 30741620?
2, 5, 7, 13, 19, 127
What are the prime factors of 16402491?
3, 7, 19, 71, 193
What are the prime factors of 683227?
43, 15889
What are the prime factors of 479600?
2, 5, 11, 109
List the prime factors of 411269.
89, 4621
List the prime factors of 253178.
2, 277, 457
What are the prime factors of 18193281?
3, 17, 356731
List the prime factors of 3334992.
2, 3, 17, 61, 67
List the prime factors of 9813530.
2, 5, 503, 1951
List the prime factors of 13223316.
2, 3, 19, 59, 983
List the prime factors of 805035.
3, 5, 7, 11, 17, 41
What are the prime factors of 1254560?
2, 5, 7841
What are the prime factors of 1631175?
3, 5, 7, 13, 239
List the prime factors of 8510343.
3, 2836781
List the prime factors of 2564550.
2, 3, 5, 41, 139
List the prime factors of 1164203.
1164203
What are the prime factors of 14372200?
2, 5, 71861
What are the prime factors of 11099072?
2, 61, 2843
What are the prime factors of 172701?
3, 31, 619
What are the prime factors of 249762?
2, 3, 41627
What are the prime factors of 7568185?
5, 31, 157, 311
List the prime factors of 1209004.
2, 409, 739
What are the prime factors of 20594?
2, 7, 1471
What are the prime factors of 562553?
359, 1567
What are the prime factors of 3563221?
3563221
What are the prime factors of 136880?
2, 5, 29, 59
What are the prime factors of 1579930?
2, 5, 11, 53, 271
What are the prime factors of 117693?
3, 1453
List the prime factors of 653143.
653143
What are the prime factors of 186582?
2, 3, 11, 257
List the prime factors of 6981148.
2, 257, 6791
List the prime factors of 28116493.
2887, 9739
What are the prime factors of 1292283?
3, 139, 1033
What are the prime factors of 42230?
2, 5, 41, 103
What are the prime factors of 3448665?
3, 5, 11, 6967
What are the prime factors of 264921?
3, 233, 379
What are the prime factors of 742356?
2, 3, 17, 1213
List the prime factors of 214590.
2, 3, 5, 23, 311
What are the prime factors of 6026285?
5, 1205257
What are the prime factors of 11577022?
2, 1297, 4463
List the prime factors of 1877061.
3, 313, 1999
What are the prime factors of 42106?
2, 37, 569
What are the prime factors of 4743977?
7, 19, 53, 673
List the prime factors of 1823780.
2, 5, 7, 1861
What are the prime factors of 17546763?
3, 13, 53, 653
List the prime factors of 647210.
2, 5, 61, 1061
List the prime factors of 39161619.
3, 7, 113, 5501
List the prime factors of 1189151.
1189151
What are the prime factors of 2225189?
443, 5023
List the prime factors of 14023996.
2, 7, 71551
What are the prime factors of 1591242?
2, 3, 265207
List the prime factors of 583045.
5, 29, 4021
List the prime factors of 111731.
111731
What are the prime factors of 2405222?
2, 37, 32503
What are the prime factors of 2491330?
2, 5, 249133
What are the prime factors of 444057?
3, 17, 8707
List the prime factors of 13697711.
1831, 7481
List the prime factors of 442089.
3, 49121
List the prime factors of 11311019.
11311019
What are the prime factors of 6532599?
3, 19, 31, 3697
List the prime factors of 5877081.
3, 7, 93287
What are the prime factors of 10825458?
2, 3, 7, 67, 3847
List the prime factors of 133827.
3, 31, 1439
List the prime factors of 3424019.
3424019
What are the prime factors of 1536722?
2, 11, 23, 3037
What are the prime factors of 183156?
2, 3, 15263
What are the prime factors of 1725656?
2, 19, 11353
List the prime factors of 1731908.
2, 31, 13967
List the prime factors of 2339195.
5, 587, 797
What are the prime factors of 1113220?
2, 5, 55661
List the prime factors of 87456.
2, 3, 911
What are the prime factors of 73784?
2, 23, 401
List the prime factors of 1403232.
2, 3, 47, 311
List the prime factors of 3037206.
2, 3, 506201
What are the prime factors of 442085?
5, 7, 17, 743
List the prime factors of 292758.
2, 3, 59, 827
List the prime factors of 220608.
2, 3, 383
What are the prime factors of 603901?
603901
List the prime factors of 6966186.
2, 3, 1161031
What are the prime factors of 114740?
2, 5, 5737
What are the prime factors of 5717055?
3, 5, 37, 10301
What are the prime factors of 918970?
2, 5, 13, 7069
List the prime factors of 525438.
2, 3, 29191
List the prime factors of 1248219.
3, 7, 19813
What are the prime factors of 118006?
2, 7, 8429
What are the prime factors of 195555?
3, 5, 13037
What are the prime factors of 4806444?
2, 3, 17, 23561
List the prime factors of 6185153.
13, 47, 53, 191
What are the prime factors of 12973272?
2, 3, 13, 43, 967
List the prime factors of 33298083.
3, 7, 13, 109, 373
List the prime factors of 5639572.
2, 29, 61, 797
List the prime factors of 1524984.
2, 3, 63541
List the prime factors of 2663594.
2, 17, 78341
List the prime factors of 1803271.
19, 107, 887
List the prime factors of 93393.
3, 1153
List the prime factors of 836750.
2, 5, 3347
What are the prime factors of 34284233?
31, 1105943
List the prime factors of 224806.
2, 112403
What are the prime factors of 1291031?
7, 17, 19, 571
List the prime factors of 213887.
213887
What are the prime factors of 9040244?
2, 2260061
List the prime factors of 281963.
11, 25633
What are the prime factors of 2098664?
2, 19, 13807
What are the prime factors of 2955545?
5, 19, 53, 587
List the prime factors of 3534262.
2, 1767131
What are the prime factors of 4772794?
2, 13, 183569
List the prime factors of 2196089.
7, 313727
What are the prime factors of 2563572?
2, 3, 11, 19421
List the prime factors of 1950635.
5, 19, 20533
What are the prime factors of 556688?
2, 11, 3163
List the prime factors of 2185875.
3, 5, 29, 67
List the prime factors of 732310.
2, 5, 67, 1093
What are the prime factors of 644526?
2, 3, 61, 587
List the prime factors of 24701236.
2, 7, 882187
What are the prime factors of 9682036?
2, 7, 13, 67, 397
What are the prime factors of 908922?
2, 3, 7, 17, 19, 67
List the prime factors of 2131187.
97, 127, 173
List the prime factors of 127610.
2, 5, 7, 1823
What are the prime factors of 157513?
157513
List the prime factors of 35257864.
2, 17, 131, 1979
What are the prime factors of 142621?
127, 1123
What are the prime factors of 3587656?
2, 19, 23603
List the prime factors of 106804.
2, 26701
What are the prime factors of 29293625?
5, 29, 8081
List the prime factors of 12402455.
5, 13, 190807
List the prime factors of 3431575.
5, 7, 19609
What are the prime factors of 4076374?
2, 19, 107273
What are the prime factors of 36232173?
3, 4025797
What are the prime factors of 8771799?
3, 2923933
What are the prime factors of 834883?
7, 41, 2909
What are the prime factors of 15434547?
3, 5144849
List the prime factors of 551453.
7, 78779
What are the prime factors of 141124?
2, 35281
What are the prime factors of 4728144?
2, 3, 137, 719
List the prime factors of 7633878.
2, 3, 7, 181759
List the prime factors of 2210973.
3, 19, 79, 491
What are the prime factors of 482409?
3, 17, 1051
What are the prime factors of 138605?
5, 19, 1459
What are the prime factors of 145072?
2, 9067
List the prime factors of 3608235.
3, 5, 181, 443
What are the prime factors of 130745?
5, 79, 331
What are the prime factors of 325575?
3, 5, 1447
List the prime factors of 8579.
23, 373
What are the prime factors of 576665?
5, 29, 41, 97
List the prime factors of 2157466.
2, 1078733
What are the prime factors of 352420?
2, 5, 67, 263
List the prime factors of 501018.
2, 3, 7, 79, 151
What are the prime factors of 2017724?
2, 19, 139, 191
List the prime factors of 16728974.
2, 89, 93983
List the prime factors of 6358149.
3, 7, 33641
What are the prime factors of 3656454?
2, 3, 113, 5393
List the prime factors of 107477.
31, 3467
What are the prime factors of 1039087?
7, 79, 1879
List the prime factors of 9953357.
727, 13691
List the prime factors of 254177.
7, 11, 3301
What are the prime factors of 2743527